
122120
In base 14, what is 1176da + -1?
1176d9
In base 6, what is 1 + -5325223?
-5325222
In base 16, what is 5 + c44d3?
c44d8
In base 16, what is -15d - -71?
-ec
In base 10, what is 811 + 6?
817
In base 9, what is -4 - -20562?
20557
In base 2, what is 101 + 111100011011000110?
111100011011001011
In base 10, what is 667978 - -5?
667983
In base 15, what is 61 + 5c0?
631
In base 9, what is -513455 - -12?
-513443
In base 13, what is 1244 + 10?
1254
In base 6, what is -550020 - 3?
-550023
In base 15, what is ca - -152?
22c
In base 7, what is 25334 - -11?
25345
In base 6, what is 1421143 - -12?
1421155
In base 13, what is -1 - -12b4?
12b3
In base 8, what is -2301722 - -3?
-2301717
In base 12, what is 16a296 + -2?
16a294
In base 4, what is 32231 + 110?
33001
In base 4, what is 10213 + -221002?
-210123
In base 9, what is 4 + 76061?
76065
In base 13, what is -5 - 4440?
-4445
In base 6, what is -210255 - 4?
-210303
In base 6, what is 4 + 3130543?
3130551
In base 6, what is 1 - -123?
124
In base 11, what is 190016a + -1?
1900169
In base 5, what is 10402343 - 1?
10402342
In base 13, what is 1 - -5664a?
5664b
In base 8, what is 71505 + -4?
71501
In base 6, what is 5503 - 5?
5454
In base 3, what is -10 + -201222101?
-201222111
In base 11, what is -1242 + -51?
-1293
In base 6, what is 540001 - 5?
535552
In base 7, what is 4133350 - -1?
4133351
In base 11, what is 34010 - 9?
34002
In base 15, what is -2d1 + -b0?
-391
In base 4, what is -22100220 + -103?
-22100323
In base 12, what is -5 + 105b4a?
105b45
In base 9, what is 0 + -12348?
-12348
In base 4, what is 1 + -10220202000?
-10220201333
In base 16, what is -16ce3 - 3?
-16ce6
In base 7, what is -462 + -1221?
-2013
In base 2, what is 1011110011 + -10010011000?
-110100101
In base 9, what is 2 - -21307?
21310
In base 5, what is -1 + 242330?
242324
In base 11, what is -27 - 31a8?
-3224
In base 13, what is 4 - -265?
269
In base 5, what is -121243 + 331?
-120412
In base 9, what is -12 + -212778?
-212801
In base 2, what is 10101111000011101110 - 10?
10101111000011101100
In base 7, what is -10 + -23406?
-23416
In base 3, what is -12 - -11122222?
11122210
In base 15, what is -5 + -35106?
-3510b
In base 14, what is -4 + -5dad?
-5db3
In base 3, what is -110 - -2100200?
2100020
In base 6, what is 5 + -453410?
-453401
In base 9, what is -6 + -825553?
-825560
In base 9, what is 188383 + -1?
188382
In base 13, what is 0 + 606?
606
In base 3, what is -102221 - 10120120?
-11000111
In base 10, what is 1 - 6488?
-6487
In base 15, what is -115 - 269?
-37e
In base 9, what is 2644 + -3?
2641
In base 9, what is 2113 - -1014?
3127
In base 9, what is -205850 - -23?
-205826
In base 7, what is -2140511 + -5?
-2140516
In base 13, what is 5 - -20ccb?
21003
In base 13, what is -4 - -178820?
178819
In base 3, what is -2000120112 + -2?
-2000120121
In base 5, what is -10 + -11103211?
-11103221
In base 2, what is 100 + 1000001001?
1000001101
In base 11, what is 4476 - 51?
4425
In base 7, what is 4120 + -455?
3332
In base 14, what is 3353d - 0?
3353d
In base 10, what is 44455 - -3?
44458
In base 5, what is 232422 - -111?
233033
In base 6, what is 10335 + 2?
10341
In base 14, what is 13d - 4d6?
-397
In base 10, what is -119025 + 9?
-119016
In base 4, what is 110000 - -10001?
120001
In base 14, what is -7a9b - -4?
-7a97
In base 15, what is 44133b - -3?
44133e
In base 8, what is -14 - -5527?
5513
In base 6, what is 10 + 221234?
221244
In base 16, what is -57 - -4f7?
4a0
In base 11, what is 51a73 + -3?
51a70
In base 9, what is -288431 - -1?
-288430
In base 3, what is 11 + 20212120112?
20212120200
In base 6, what is 10001 - 34?
5523
In base 9, what is 101 - 5?
85
In base 16, what is 1e - -116d?
118b
In base 4, what is 13 - 20?
-1
In base 8, what is 313 - -2147?
2462
In base 11, what is -3a9 - a22?
-1320
In base 3, what is -10212211 + -120?
-10220101
In base 11, what is 7 + -17723?
-17717
In base 8, what is 7 - 147236?
-147227
In base 16, what is -a0e - 2d?
-a3b
In base 5, what is 2 + 1034032?
1034034
In base 8, what is 356066 - -22?
356110
In base 12, what is 2ab9 + -18?
2aa1
In base 9, what is 0 + -218230?
-218230
In base 11, what is 0 - 4703?
-4703
In base 10, what is -8074 - 238?
-8312
In base 4, what is 12330012101 + -10?
12330012031
In base 4, what is 1331 - 1320332?
-1313001
In base 4, what is -10 - -201003113?
201003103
In base 2, what is -1110101111010111 + 101?
-1110101111010010
In base 2, what is -100010111010000 + -1101?
-100010111011101
In base 13, what is -a143 + 2c?
-a114
In base 12, what is 149 - 1185?
-1038
In base 13, what is -5c2b - -2a?
-5c01
In base 2, what is 1 - -11011010010011?
11011010010100
In base 15, what is 11292 - 0?
11292
In base 7, what is -121603 - -5?
-121565
In base 13, what is -5bc0 - 1?
-5bc1
In base 16, what is -3d + d33?
cf6
In base 11, what is 1782a + -1?
17829
In base 10, what is 9254 - 2?
9252
In base 5, what is -3 - -12340304?
12340301
In base 6, what is 23041 - 55?
22542
In base 15, what is -4 + -435c4?
-435c8
In base 11, what is -21343 - -24?
-2131a
In base 4, what is 303 - 202222?
-201313
In base 5, what is -400313 + -334?
-401202
In base 15, what is a - 3e933?
-3e928
In base 2, what is -11010010000010100001 - 1?
-11010010000010100010
In base 3, what is 2101210121 + 100?
2101210221
In base 16, what is -d11 - -a?
-d07
In base 11, what is -3 + 5a0019?
5a0016
In base 12, what is 12a - 3bb4?
-3a86
In base 7, what is -11 + 40460?
40446
In base 6, what is 41 - -513321?
513402
In base 12, what is 0 + -123a85?
-123a85
In base 6, what is 122 - -3035?
3201
In base 12, what is -10 - -ba1?
b91
In base 5, what is 10 + -3030033?
-3030023
In base 14, what is 3 - 16636d?
-16636a
In base 2, what is 101 + 1100110001111011?
1100110010000000
In base 13, what is 0 + 3661?
3661
In base 16, what is 44a2 + 0?
44a2
In base 14, what is -3 - -4ba69?
4ba66
In base 8, what is -132504 - 26?
-132532
In base 9, what is -6 + 221537?
221531
In base 7, what is -610 - -164?
-413
In base 5, what is 124231 + -301?
123430
In base 10, what is -36 + -30?
-66
In base 5, what is -2 + -212013?
-212020
In base 16, what is -16 + 893d?
8927
In base 14, what is -4 + -b6d28?
-b6d2c
In base 2, what is 101 - 1000011111011?
-1000011110110
In base 13, what is -c6978 - 0?
-c6978
In base 3, what is -12100 + 212020222?
212001122
In base 15, what is 2476 - 20?
2456
In base 15, what is 19d9a - -5?
19da0
In base 2, what is 101001010011011 + -110?
101001010010101
In base 16, what is -2f - -ff92?
ff63
In base 7, what is -10 - 22236?
-22246
In base 14, what is -2 - -558b?
5589
In base 13, what is 491 + -7?
487
In base 10, what is 835 + -14?
821
In base 5, what is 2 - -1334111?
1334113
In base 2, what is -1000001000110 - -1010101001?
-110110011101
In base 9, what is -3 + -38164?
-38167
In base 14, what is -2 - -cdbb1?
cdbad
In base 13, what is 11 - 2157?
-2146
In base 10, what is 4 - -1417580?
1417584
In base 4, what is 23213 + 310?
30123
In base 12, what is 19 + a816?
a833
In base 6, what is -31 + -2142415?
-2142450
In base 16, what is 13c6 + -ea?
12dc
In base 10, what is 109 - -7230?
7339
In base 14, what is -c - -3538?
352a
In base 5, what is 102300 - -12300?
120100
In base 14, what is 43db14 + -4?
43db10
In base 16, what is -2 - -c569?
c567
In base 7, what is 5644210 - -3?
5644213
In base 14, what is -db3 - -18?
-d99
In base 16, what is 634e + 2?
6350
In base 5, what is -32234310 - 4?
-32234314
In base 6, what is 2 - -2451345?
2451351
In base 12, what is -13858 - -3?
-13855
In base 10, what is -3077 - -35?
-3042
In base 9, what is -1704 - 8?
-1713
In base 2, what is 110101100110010101 + 11?
110101100110011000
In base 8, what is 0 - -721141?
721141
In base 5, what is -22 - 1140301?
-1140323
In base 3, what is -10002211110011 - 0?
-10002211110011
In base 13, what is -1a1650 + 2?
-1a164b
In base 9, what is 2 + -75526?
-75524
In base 7, what is 2204 - 4?
2200
In base 12, what is -a0 - 2553?
-2633
In base 12, what is -5 - 431b?
-4324
In base 12, what is -1 - -143345?
143344
In base 11, what is 4771a2 + 4?
4771a6
In base 7, what is 12561 - -4?
12565
In base 10, what is 5 + 193519?
193524
In base 7, what is 1135 - -265?
1433
In base 7, what is 122 - 655525?
-655403
In base 13, what is 3 - 1aa03?
-1aa00
In base 4, what is -133 - -12331?
12132
In base 8, what is -